{"version":"1.0","provider_name":"We Love Cinema","provider_url":"https:\/\/welovecinema.be\/fr\/","author_name":"Aurore Engelen","author_url":"https:\/\/welovecinema.be\/fr\/author\/aurore-engelen\/","title":"\"Abada\" et \"Novembre\" au programme de Tout Court - We Love Cinema","type":"rich","width":600,"height":338,"html":"<blockquote class=\"wp-embedded-content\" data-secret=\"gWMLxE8WbV\"><a href=\"https:\/\/welovecinema.be\/fr\/abada-et-novembre-au-programme-de-tout-court\/\">\u00ab\u00a0Abada\u00a0\u00bb et \u00ab\u00a0Novembre\u00a0\u00bb au programme de Tout Court<\/a><\/blockquote><iframe sandbox=\"allow-scripts\" security=\"restricted\" src=\"https:\/\/welovecinema.be\/fr\/abada-et-novembre-au-programme-de-tout-court\/embed\/#?secret=gWMLxE8WbV\" width=\"600\" height=\"338\" title=\"\u00ab\u00a0\u00ab\u00a0Abada\u00a0\u00bb et \u00ab\u00a0Novembre\u00a0\u00bb au programme de Tout Court\u00a0\u00bb &#8212; We Love Cinema\" data-secret=\"gWMLxE8WbV\" frameborder=\"0\" marginwidth=\"0\" marginheight=\"0\" scrolling=\"no\" class=\"wp-embedded-content\"><\/iframe><script type=\"text\/javascript\">\n\/* <![CDATA[ *\/\n\/*! This file is auto-generated *\/\n!function(d,l){\"use strict\";l.querySelector&&d.addEventListener&&\"undefined\"!=typeof URL&&(d.wp=d.wp||{},d.wp.receiveEmbedMessage||(d.wp.receiveEmbedMessage=function(e){var t=e.data;if((t||t.secret||t.message||t.value)&&!\/[^a-zA-Z0-9]\/.test(t.secret)){for(var s,r,n,a=l.querySelectorAll('iframe[data-secret=\"'+t.secret+'\"]'),o=l.querySelectorAll('blockquote[data-secret=\"'+t.secret+'\"]'),c=new RegExp(\"^https?:$\",\"i\"),i=0;i<o.length;i++)o[i].style.display=\"none\";for(i=0;i<a.length;i++)s=a[i],e.source===s.contentWindow&&(s.removeAttribute(\"style\"),\"height\"===t.message?(1e3<(r=parseInt(t.value,10))?r=1e3:~~r<200&&(r=200),s.height=r):\"link\"===t.message&&(r=new URL(s.getAttribute(\"src\")),n=new URL(t.value),c.test(n.protocol))&&n.host===r.host&&l.activeElement===s&&(d.top.location.href=t.value))}},d.addEventListener(\"message\",d.wp.receiveEmbedMessage,!1),l.addEventListener(\"DOMContentLoaded\",function(){for(var e,t,s=l.querySelectorAll(\"iframe.wp-embedded-content\"),r=0;r<s.length;r++)(t=(e=s[r]).getAttribute(\"data-secret\"))||(t=Math.random().toString(36).substring(2,12),e.src+=\"#?secret=\"+t,e.setAttribute(\"data-secret\",t)),e.contentWindow.postMessage({message:\"ready\",secret:t},\"*\")},!1)))}(window,document);\n\/* ]]> *\/\n<\/script>\n","thumbnail_url":"https:\/\/welovecinema.be\/wp-content\/uploads\/sites\/2\/2021\/06\/FotoJet.jpg","thumbnail_width":1200,"thumbnail_height":600,"description":"Deux tr\u00e8s beaux in\u00e9dits ce soir au programme de Tout Court, le magazine du court m\u00e9trage de La Trois: Abada, le nouveau film du cin\u00e9aste et com\u00e9dien Jean-Beno\u00eet Ugeux (Eastpak, La Musique), et Novembre, de Camille de Leu, \u00e9galement cin\u00e9aste et com\u00e9dienne. Abada de Jean-Beno\u00eet Ugeux Avec\u00a0Pierre Sartenaer, Douglas Grauwels Le fils a \u00e9crit une &hellip;"}

Deux très beaux inédits ce soir au programme de Tout Court, le magazine du court métrage de La Trois: Abada, le nouveau film du cinéaste et comédien Jean-Benoît Ugeux (Eastpak, La Musique), et Novembre, de Camille de Leu, également cinéaste et comédienne. Abada de Jean-Benoît Ugeux Avec Pierre Sartenaer, Douglas Grauwels Le fils a écrit une &hellip;
