{"version":"1.0","provider_name":"We Love Cinema","provider_url":"https:\/\/welovecinema.be\/fr\/","author_name":"Aurore Engelen","author_url":"https:\/\/welovecinema.be\/fr\/author\/aurore-engelen\/","title":"2mn avec... Yassine Fadel - We Love Cinema","type":"rich","width":600,"height":338,"html":"<blockquote class=\"wp-embedded-content\" data-secret=\"XWLX57iD6B\"><a href=\"https:\/\/welovecinema.be\/fr\/2mn-yassine-fadel\/\">2mn avec&#8230; Yassine Fadel<\/a><\/blockquote><iframe sandbox=\"allow-scripts\" security=\"restricted\" src=\"https:\/\/welovecinema.be\/fr\/2mn-yassine-fadel\/embed\/#?secret=XWLX57iD6B\" width=\"600\" height=\"338\" title=\"\u00ab\u00a02mn avec&#8230; Yassine Fadel\u00a0\u00bb &#8212; We Love Cinema\" data-secret=\"XWLX57iD6B\" frameborder=\"0\" marginwidth=\"0\" marginheight=\"0\" scrolling=\"no\" class=\"wp-embedded-content\"><\/iframe><script type=\"text\/javascript\">\n\/* <![CDATA[ *\/\n\/*! This file is auto-generated *\/\n!function(d,l){\"use strict\";l.querySelector&&d.addEventListener&&\"undefined\"!=typeof URL&&(d.wp=d.wp||{},d.wp.receiveEmbedMessage||(d.wp.receiveEmbedMessage=function(e){var t=e.data;if((t||t.secret||t.message||t.value)&&!\/[^a-zA-Z0-9]\/.test(t.secret)){for(var s,r,n,a=l.querySelectorAll('iframe[data-secret=\"'+t.secret+'\"]'),o=l.querySelectorAll('blockquote[data-secret=\"'+t.secret+'\"]'),c=new RegExp(\"^https?:$\",\"i\"),i=0;i<o.length;i++)o[i].style.display=\"none\";for(i=0;i<a.length;i++)s=a[i],e.source===s.contentWindow&&(s.removeAttribute(\"style\"),\"height\"===t.message?(1e3<(r=parseInt(t.value,10))?r=1e3:~~r<200&&(r=200),s.height=r):\"link\"===t.message&&(r=new URL(s.getAttribute(\"src\")),n=new URL(t.value),c.test(n.protocol))&&n.host===r.host&&l.activeElement===s&&(d.top.location.href=t.value))}},d.addEventListener(\"message\",d.wp.receiveEmbedMessage,!1),l.addEventListener(\"DOMContentLoaded\",function(){for(var e,t,s=l.querySelectorAll(\"iframe.wp-embedded-content\"),r=0;r<s.length;r++)(t=(e=s[r]).getAttribute(\"data-secret\"))||(t=Math.random().toString(36).substring(2,12),e.src+=\"#?secret=\"+t,e.setAttribute(\"data-secret\",t)),e.contentWindow.postMessage({message:\"ready\",secret:t},\"*\")},!1)))}(window,document);\n\/* ]]> *\/\n<\/script>\n","thumbnail_url":"https:\/\/welovecinema.be\/wp-content\/uploads\/sites\/2\/2017\/12\/YassineFadelCInevox.jpg","thumbnail_width":1780,"thumbnail_height":971,"description":"On a crois\u00e9 le com\u00e9dien belge Yassine Fadel, \u00e0 quelques jours de la sortie fran\u00e7aise d&rsquo;Isola de Fabianny Deschamps ce mercredi, son premier premier r\u00f4le dans un long m\u00e9trage. Il nous parle de ce film si particulier pour lui, mais aussi de sa carri\u00e8re, tr\u00e8s internationale, en attendant de le retrouver bient\u00f4t en Belgique? Yassine &hellip;"}

On a croisé le comédien belge Yassine Fadel, à quelques jours de la sortie française d&rsquo;Isola de Fabianny Deschamps ce mercredi, son premier premier rôle dans un long métrage. Il nous parle de ce film si particulier pour lui, mais aussi de sa carrière, très internationale, en attendant de le retrouver bientôt en Belgique? Yassine &hellip;
