{"version":"1.0","provider_name":"We Love Cinema","provider_url":"https:\/\/welovecinema.be\/fr\/","author_name":"Philippe.Pierquin","author_url":"https:\/\/welovecinema.be\/fr\/author\/philippe-pierquin\/","title":"2e Festival du Cin\u00e9ma belge \u00e0 N\u00eemes et en Garrigue - We Love Cinema","type":"rich","width":600,"height":338,"html":"<blockquote class=\"wp-embedded-content\" data-secret=\"BVUvabfnln\"><a href=\"https:\/\/welovecinema.be\/fr\/2e-festival-du-cinema-belge-nimes-en-garrigue\/\">2e Festival du Cin\u00e9ma belge \u00e0 N\u00eemes et en Garrigue<\/a><\/blockquote><iframe sandbox=\"allow-scripts\" security=\"restricted\" src=\"https:\/\/welovecinema.be\/fr\/2e-festival-du-cinema-belge-nimes-en-garrigue\/embed\/#?secret=BVUvabfnln\" width=\"600\" height=\"338\" title=\"\u00ab\u00a02e Festival du Cin\u00e9ma belge \u00e0 N\u00eemes et en Garrigue\u00a0\u00bb &#8212; We Love Cinema\" data-secret=\"BVUvabfnln\" frameborder=\"0\" marginwidth=\"0\" marginheight=\"0\" scrolling=\"no\" class=\"wp-embedded-content\"><\/iframe><script type=\"text\/javascript\">\n\/* <![CDATA[ *\/\n\/*! This file is auto-generated *\/\n!function(d,l){\"use strict\";l.querySelector&&d.addEventListener&&\"undefined\"!=typeof URL&&(d.wp=d.wp||{},d.wp.receiveEmbedMessage||(d.wp.receiveEmbedMessage=function(e){var t=e.data;if((t||t.secret||t.message||t.value)&&!\/[^a-zA-Z0-9]\/.test(t.secret)){for(var s,r,n,a=l.querySelectorAll('iframe[data-secret=\"'+t.secret+'\"]'),o=l.querySelectorAll('blockquote[data-secret=\"'+t.secret+'\"]'),c=new RegExp(\"^https?:$\",\"i\"),i=0;i<o.length;i++)o[i].style.display=\"none\";for(i=0;i<a.length;i++)s=a[i],e.source===s.contentWindow&&(s.removeAttribute(\"style\"),\"height\"===t.message?(1e3<(r=parseInt(t.value,10))?r=1e3:~~r<200&&(r=200),s.height=r):\"link\"===t.message&&(r=new URL(s.getAttribute(\"src\")),n=new URL(t.value),c.test(n.protocol))&&n.host===r.host&&l.activeElement===s&&(d.top.location.href=t.value))}},d.addEventListener(\"message\",d.wp.receiveEmbedMessage,!1),l.addEventListener(\"DOMContentLoaded\",function(){for(var e,t,s=l.querySelectorAll(\"iframe.wp-embedded-content\"),r=0;r<s.length;r++)(t=(e=s[r]).getAttribute(\"data-secret\"))||(t=Math.random().toString(36).substring(2,12),e.src+=\"#?secret=\"+t,e.setAttribute(\"data-secret\",t)),e.contentWindow.postMessage({message:\"ready\",secret:t},\"*\")},!1)))}(window,document);\n\/* ]]> *\/\n<\/script>\n","thumbnail_url":"https:\/\/welovecinema.be\/wp-content\/uploads\/sites\/2\/2014\/07\/2014-07-14_09h15_40.jpg","thumbnail_width":1891,"thumbnail_height":550,"description":"Du 16 au 21 Juillet 2014, petite cure de\u00a0cin\u00e9ma belge gratuite et en plein air\u2026 sous les \u00e9toiles du sud de la France!\u00a0Id\u00e9al si vous \u00eates en vacances dans le Sud et si le mal du pays vous ronge d\u00e9j\u00e0 . &nbsp;"}

2e Festival du Cinéma belge à Nîmes et en Garrigue - We Love Cinema

<blockquote class="wp-embedded-content" data-secret="BVUvabfnln"><a href="https://welovecinema.be/fr/2e-festival-du-cinema-belge-nimes-en-garrigue/">2e Festival du Cinéma belge à Nîmes et en Garrigue</a></blockquote><iframe sandbox="allow-scripts" security="restricted" src="https://welovecinema.be/fr/2e-festival-du-cinema-belge-nimes-en-garrigue/embed/#?secret=BVUvabfnln" width="600" height="338" title="« 2e Festival du Cinéma belge à Nîmes et en Garrigue » &#8212; We Love Cinema" data-secret="BVUvabfnln" frameborder="0" marginwidth="0" marginheight="0" scrolling="no" class="wp-embedded-content"></iframe><script type="text/javascript">
/* <![CDATA[ */
/*! This file is auto-generated */
!function(d,l){"use strict";l.querySelector&&d.addEventListener&&"undefined"!=typeof URL&&(d.wp=d.wp||{},d.wp.receiveEmbedMessage||(d.wp.receiveEmbedMessage=function(e){var t=e.data;if((t||t.secret||t.message||t.value)&&!/[^a-zA-Z0-9]/.test(t.secret)){for(var s,r,n,a=l.querySelectorAll('iframe[data-secret="'+t.secret+'"]'),o=l.querySelectorAll('blockquote[data-secret="'+t.secret+'"]'),c=new RegExp("^https?:$","i"),i=0;i<o.length;i++)o[i].style.display="none";for(i=0;i<a.length;i++)s=a[i],e.source===s.contentWindow&&(s.removeAttribute("style"),"height"===t.message?(1e3<(r=parseInt(t.value,10))?r=1e3:~~r<200&&(r=200),s.height=r):"link"===t.message&&(r=new URL(s.getAttribute("src")),n=new URL(t.value),c.test(n.protocol))&&n.host===r.host&&l.activeElement===s&&(d.top.location.href=t.value))}},d.addEventListener("message",d.wp.receiveEmbedMessage,!1),l.addEventListener("DOMContentLoaded",function(){for(var e,t,s=l.querySelectorAll("iframe.wp-embedded-content"),r=0;r<s.length;r++)(t=(e=s[r]).getAttribute("data-secret"))||(t=Math.random().toString(36).substring(2,12),e.src+="#?secret="+t,e.setAttribute("data-secret",t)),e.contentWindow.postMessage({message:"ready",secret:t},"*")},!1)))}(window,document);
/* ]]> */
</script>

Du 16 au 21 Juillet 2014, petite cure de cinéma belge gratuite et en plein air… sous les étoiles du sud de la France! Idéal si vous êtes en vacances dans le Sud et si le mal du pays vous ronge déjà . &nbsp;
