{"version":"1.0","provider_name":"We Love Cinema","provider_url":"https:\/\/welovecinema.be\/fr\/","author_name":"Philippe.Pierquin","author_url":"https:\/\/welovecinema.be\/fr\/author\/philippe-pierquin\/","title":"2013\/2014 : Jan Hammenecker - We Love Cinema","type":"rich","width":600,"height":338,"html":"<blockquote class=\"wp-embedded-content\" data-secret=\"QljokMt5Ow\"><a href=\"https:\/\/welovecinema.be\/fr\/20132014-jan-hammenecker\/\">2013\/2014 : Jan Hammenecker<\/a><\/blockquote><iframe sandbox=\"allow-scripts\" security=\"restricted\" src=\"https:\/\/welovecinema.be\/fr\/20132014-jan-hammenecker\/embed\/#?secret=QljokMt5Ow\" width=\"600\" height=\"338\" title=\"\u00ab\u00a02013\/2014 : Jan Hammenecker\u00a0\u00bb &#8212; We Love Cinema\" data-secret=\"QljokMt5Ow\" frameborder=\"0\" marginwidth=\"0\" marginheight=\"0\" scrolling=\"no\" class=\"wp-embedded-content\"><\/iframe><script type=\"text\/javascript\">\n\/* <![CDATA[ *\/\n\/*! This file is auto-generated *\/\n!function(d,l){\"use strict\";l.querySelector&&d.addEventListener&&\"undefined\"!=typeof URL&&(d.wp=d.wp||{},d.wp.receiveEmbedMessage||(d.wp.receiveEmbedMessage=function(e){var t=e.data;if((t||t.secret||t.message||t.value)&&!\/[^a-zA-Z0-9]\/.test(t.secret)){for(var s,r,n,a=l.querySelectorAll('iframe[data-secret=\"'+t.secret+'\"]'),o=l.querySelectorAll('blockquote[data-secret=\"'+t.secret+'\"]'),c=new RegExp(\"^https?:$\",\"i\"),i=0;i<o.length;i++)o[i].style.display=\"none\";for(i=0;i<a.length;i++)s=a[i],e.source===s.contentWindow&&(s.removeAttribute(\"style\"),\"height\"===t.message?(1e3<(r=parseInt(t.value,10))?r=1e3:~~r<200&&(r=200),s.height=r):\"link\"===t.message&&(r=new URL(s.getAttribute(\"src\")),n=new URL(t.value),c.test(n.protocol))&&n.host===r.host&&l.activeElement===s&&(d.top.location.href=t.value))}},d.addEventListener(\"message\",d.wp.receiveEmbedMessage,!1),l.addEventListener(\"DOMContentLoaded\",function(){for(var e,t,s=l.querySelectorAll(\"iframe.wp-embedded-content\"),r=0;r<s.length;r++)(t=(e=s[r]).getAttribute(\"data-secret\"))||(t=Math.random().toString(36).substring(2,12),e.src+=\"#?secret=\"+t,e.setAttribute(\"data-secret\",t)),e.contentWindow.postMessage({message:\"ready\",secret:t},\"*\")},!1)))}(window,document);\n\/* ]]> *\/\n<\/script>\n","thumbnail_url":"https:\/\/welovecinema.be\/wp-content\/uploads\/sites\/2\/2010\/01\/Jan.jpg","thumbnail_width":639,"thumbnail_height":376,"description":"En termes de tournage, j&rsquo;ai termin\u00e9 l\u2019ann\u00e9e 2013 avec le court-m\u00e9trage Incandescents de Mireille Verboomen. Une histoire d\u2019adolescents avec un sc\u00e9nario tr\u00e8s fort. Ensuite, je d\u00e9marre l\u2019an 2014 avec le tournage d\u2019une s\u00e9rie pour France 2,\u00a0 Les T\u00e9moins r\u00e9alis\u00e9e par Herv\u00e9 Hadmar\u2018 aux c\u00f4t\u00e9s de Thierry Lhermitte et Laurent Lucas (et \u2018notre\u2019 Thomas Doret). Tr\u00e8s &hellip;"}

En termes de tournage, j&rsquo;ai terminé l’année 2013 avec le court-métrage Incandescents de Mireille Verboomen. Une histoire d’adolescents avec un scénario très fort. Ensuite, je démarre l’an 2014 avec le tournage d’une série pour France 2,  Les Témoins réalisée par Hervé Hadmar‘ aux côtés de Thierry Lhermitte et Laurent Lucas (et ‘notre’ Thomas Doret). Très &hellip;
