{"version":"1.0","provider_name":"We Love Cinema","provider_url":"https:\/\/welovecinema.be\/fr\/","author_name":"Aurore Engelen","author_url":"https:\/\/welovecinema.be\/fr\/author\/aurore-engelen\/","title":"\"1985\": 5mn avec Tijmen Govaerts - We Love Cinema","type":"rich","width":600,"height":338,"html":"<blockquote class=\"wp-embedded-content\" data-secret=\"AFK0Zs8pyA\"><a href=\"https:\/\/welovecinema.be\/fr\/1985-5mn-avec-tijmen-govaerts\/\">\u00ab\u00a01985\u00a0\u00bb: 5mn avec Tijmen Govaerts<\/a><\/blockquote><iframe sandbox=\"allow-scripts\" security=\"restricted\" src=\"https:\/\/welovecinema.be\/fr\/1985-5mn-avec-tijmen-govaerts\/embed\/#?secret=AFK0Zs8pyA\" width=\"600\" height=\"338\" title=\"\u00ab\u00a0\u00ab\u00a01985\u00a0\u00bb: 5mn avec Tijmen Govaerts\u00a0\u00bb &#8212; We Love Cinema\" data-secret=\"AFK0Zs8pyA\" frameborder=\"0\" marginwidth=\"0\" marginheight=\"0\" scrolling=\"no\" class=\"wp-embedded-content\"><\/iframe><script type=\"text\/javascript\">\n\/* <![CDATA[ *\/\n\/*! This file is auto-generated *\/\n!function(d,l){\"use strict\";l.querySelector&&d.addEventListener&&\"undefined\"!=typeof URL&&(d.wp=d.wp||{},d.wp.receiveEmbedMessage||(d.wp.receiveEmbedMessage=function(e){var t=e.data;if((t||t.secret||t.message||t.value)&&!\/[^a-zA-Z0-9]\/.test(t.secret)){for(var s,r,n,a=l.querySelectorAll('iframe[data-secret=\"'+t.secret+'\"]'),o=l.querySelectorAll('blockquote[data-secret=\"'+t.secret+'\"]'),c=new RegExp(\"^https?:$\",\"i\"),i=0;i<o.length;i++)o[i].style.display=\"none\";for(i=0;i<a.length;i++)s=a[i],e.source===s.contentWindow&&(s.removeAttribute(\"style\"),\"height\"===t.message?(1e3<(r=parseInt(t.value,10))?r=1e3:~~r<200&&(r=200),s.height=r):\"link\"===t.message&&(r=new URL(s.getAttribute(\"src\")),n=new URL(t.value),c.test(n.protocol))&&n.host===r.host&&l.activeElement===s&&(d.top.location.href=t.value))}},d.addEventListener(\"message\",d.wp.receiveEmbedMessage,!1),l.addEventListener(\"DOMContentLoaded\",function(){for(var e,t,s=l.querySelectorAll(\"iframe.wp-embedded-content\"),r=0;r<s.length;r++)(t=(e=s[r]).getAttribute(\"data-secret\"))||(t=Math.random().toString(36).substring(2,12),e.src+=\"#?secret=\"+t,e.setAttribute(\"data-secret\",t)),e.contentWindow.postMessage({message:\"ready\",secret:t},\"*\")},!1)))}(window,document);\n\/* ]]> *\/\n<\/script>\n","thumbnail_url":"https:\/\/welovecinema.be\/wp-content\/uploads\/sites\/2\/2023\/01\/Tijmen-Govaerts-Cinevox.jpg","thumbnail_width":2470,"thumbnail_height":1390,"description":"A l&rsquo;occasion de la diffusion ce dimanche de 1985, la s\u00e9rie \u00e9v\u00e8nement coproduite par la RTBF et la VRT, rencontre avec le jeune com\u00e9dien flamand Tijmen Govaerts, qui nous en dit plus sur ce projet hors norme, v\u00e9ritable plong\u00e9e au coeur de l&rsquo;histoire de la Belgique de la fin du XXe si\u00e8cle."}

A l&rsquo;occasion de la diffusion ce dimanche de 1985, la série évènement coproduite par la RTBF et la VRT, rencontre avec le jeune comédien flamand Tijmen Govaerts, qui nous en dit plus sur ce projet hors norme, véritable plongée au coeur de l&rsquo;histoire de la Belgique de la fin du XXe siècle.
